23
Let x be -2 - 1/1 - 88. Let k = -64 - x. What is the remainder when k is divided by 10?
7
Calculate the remainder when 54 is divided by ((-4)/6)/(2/(-57)).
16
Suppose 0 = 5*i + 3*u + 1, -2*u = -4*u - 4. Calculate the remainder when (-381)/(-15) - 4/10 is divided by (3 + -4)*(-9)/i.
7
Suppose 5*l = 67 + 8. What is the remainder when 28 is divided by l?
13
Let v = 43 - 27. Calculate the remainder when 30 is divided by v.
14
Let z be (-5)/(5/(-2)) + -6. Let d(l) = -2*l**2 - 3*l + 1. Let p be d(z). Let u = 31 + p. Calculate the remainder when u is divided by 7.
5
Calculate the remainder when (-9)/(-6)*2*7 is divided by 4 + 0 + (-2 - -9).
10
Suppose i = -c + 3*i - 2, -5*c - 2*i - 22 = 0. Let n be 4/(-1)*(-5)/c. Let h = -2 - n. Calculate the remainder when 5 is divided by h.
2
Let o(u) = -16 - 10*u**3 + 11*u**3 - 11*u - 1 - 11*u**2. Let k be o(12). Let p = k + 46. Calculate the remainder when p is divided by 14.
13
Suppose 0 = k + 2 - 5. Suppose -4*g - 9 + 1 = 0. Let u = k - g. What is the remainder when 14 is divided by u?
4
Let y be -3*(-4)/(-6) - -2. Suppose y = -0*r - 4*r + 24. What is the remainder when 10 is divided by r?
4
What is the remainder when -2 + 4 - -6 - -1 is divided by 3?
0
Let v(z) = z**3 + 10*z**2 + 8*z + 4. Let x be v(-9). What is the remainder when (22/(-10))/(x/(-65)) is divided by 7?
4
Let u(t) = -t - 1. Let c be u(-4). Suppose 2*h + 8 = 0, c*h + 71 = 4*k + 15. Calculate the remainder when 21 is divided by k.
10
Let a(t) = -10*t - 1. What is the remainder when 1/(3/((-333)/(-3))) is divided by a(-2)?
18
Let q = -8 + 6. Let x = q - -3. Suppose -5*l = -10 - 15, -4*s = 5*l - 33. Calculate the remainder when s is divided by x.
0
Let j(b) = b**3 - 11*b**2 + 12*b - 3. Calculate the remainder when 50 is divided by j(10).
16
Let k be (-2 + 0)/(-1) + 2. What is the remainder when 6 is divided by (k - 4) + (2 - 0)?
0
Let a = 12 + -2. Suppose r - 6 = -0*r. What is the remainder when a is divided by r?
4
Calculate the remainder when 4*9 + (-6)/(-6) is divided by ((-2)/(-4))/(2/52).
11
Let h be 15/10 - (-39)/(-6). Calculate the remainder when (2/6)/(h/(-195)) is divided by 7.
6
Suppose -9*j = -10*j + 9. What is the remainder when 15*((-21)/j + 3) is divided by 4?
2
Suppose 2*p = -p + 6. Calculate the remainder when 1*(-2 - 0) - -7 is divided by (-38)/(-9) - p/9.
1
Let i(d) = -d**3 - 5*d**2 + 7*d - 3. Let x be i(-6). Let n = 7 - x. Calculate the remainder when 46 is divided by n.
14
Suppose -4*v - y = -12 - 20, 2 = 2*v - 3*y. What is the remainder when 33 is divided by v?
5
Suppose -187 = -3*c + 92. Suppose -17 = -5*h + c. What is the remainder when h is divided by 8?
6
Let g(s) = 4*s + 3. Let w be g(8). Suppose 0*r - 5*r + w = 0. Suppose -2*j + 3*j - r = 0. Calculate the remainder when 12 is divided by j.
5
Suppose 0 = 5*i - 4 + 24. Let p = 17 - i. What is the remainder when p is divided by 12?
9
Calculate the remainder when 37 is divided by 3/((-9)/(-21)*3/9).
16
Suppose 5*z - 8 = 7. Suppose 2*o + 2*l - 211 = -51, -z*o = 5*l - 244. Calculate the remainder when o is divided by 27.
24
Let f(k) = k**3 + 9*k**2 - k. Let w(i) = i**2 + 9*i + 9. Let b be w(-6). Calculate the remainder when 25 is divided by f(b).
7
Let h(o) = -o**2 - 3*o + 10. What is the remainder when 26 is divided by h(-4)?
2
Suppose 5*a + 5*j = -9 + 39, 2*a - 14 = -j. Let h = a + -5. Suppose 5 = h*g - 109. Calculate the remainder when g is divided by 13.
12
Suppose -z = 2*z - 219. Suppose 0 = 3*o - z - 83. What is the remainder when o is divided by 18?
16
Let h = 57 + -55. What is the remainder when 7 is divided by h?
1
Suppose 2*c - 23 = 17. Suppose m = 6*m - c. Suppose n - 2*u - m = 6, -5*u = 2*n - 56. What is the remainder when n is divided by 10?
8
Let h be 6*35*1/2. Suppose 4*v = -2*r + 20, -5*v + 24 = 5*r - 1. Suppose r*f - 3*f + 3*l + h = 0, 3*l = 15. Calculate the remainder when f is divided by 14.
12
Let x(u) = u**2 + 2*u + 3. What is the remainder when 80 is divided by x(4)?
26
Suppose -4*b + 269 = k, 4*k - k - 195 = -3*b. What is the remainder when b is divided by 37?
31
Let j = 50 + -31. Calculate the remainder when j is divided by (-92)/(-12) + (-6)/9.
5
Suppose 60 - 36 = 2*m. Calculate the remainder when 31 is divided by m.
7
Suppose -390 = -5*u + 3*x, -x + 5*x + 156 = 2*u. Suppose -5*t + 18 = u. Let i = t - -22. What is the remainder when i is divided by 4?
2
Suppose r - 40 = -4*r - 2*p, -3*r - 2*p + 24 = 0. What is the remainder when r is divided by 3?
2
Let u = -5 + 22. What is the remainder when 45 is divided by u?
11
Let m(k) = k**3 - 3*k**2 - k - 1. Let a be m(4). Let s(j) = j**3 - 11*j**2 + 3*j - 4. Calculate the remainder when s(a) is divided by 15.
14
Suppose -3*b = -15 - 6. Calculate the remainder when 19 is divided by b.
5
Suppose 54 = 2*q + 4*i, -7 = -q + i + 2*i. What is the remainder when 54 is divided by q?
16
Let m be -2 - (2 + (1 - 1)). Let z = m - -11. Calculate the remainder when z is divided by 4.
3
Let i(o) = o**2 - 4*o - 5. Let u be i(5). Suppose -2*a + 18 = -u*a. Calculate the remainder when 16 is divided by a.
7
Let m = 311 + -188. Calculate the remainder when m is divided by 18.
15
Let d = 7 + 5. Let i(y) = -77*y + 1. Let o be i(-1). Suppose 2*u = 2*p - o, 0*p - 116 = -4*p - 4*u. Calculate the remainder when p is divided by d.
10
Suppose 0*c + 4*g + 48 = 2*c, 0 = 3*c - 4*g - 72. Suppose 5*o + 3 = 13. What is the remainder when ((-115)/10)/(o/(-8)) is divided by c?
22
Let m = 271 + -180. Let f(u) = 7*u - 47. What is the remainder when m is divided by f(10)?
22
Let b = 67 + -38. Calculate the remainder when b is divided by 11.
7
Suppose -39*a - 188 = -43*a. Let t(n) = n**3 - 5*n**2 - 3*n - 6. What is the remainder when a is divided by t(6)?
11
Suppose -28 = 3*m - 154. What is the remainder when m is divided by 9?
6
Let d(v) = -v**3 - v**2 + 2*v + 9. What is the remainder when d(0) is divided by 3?
0
Calculate the remainder when 1*(34/9 - 18/(-81)) is divided by 6/(-5)*(-5)/2.
1
Suppose -5*n = -4*f + 303, -n - 3*f = n + 112. Let o = n - -25. Let x = -21 - o. Calculate the remainder when 24 is divided by x.
11
Suppose -h + 3 - 4 = 0. What is the remainder when 42 is divided by 10*(h/2 - -2)?
12
Let q(r) = -r**2 + 7*r + 1. Let j be q(6). Suppose 5*d = k - 12 - j, 3*d - 3*k = -9. Let b = 12 + d. Calculate the remainder when 14 is divided by b.
6
Let a be (-7 - -5)/(2/3). Calculate the remainder when a/(-15) - 274/(-5) is divided by 28.
27
Let a(j) = 3*j**2 - 5*j - 10. What is the remainder when 119 is divided by a(5)?
39
Suppose -6*n + 44 = -124. Calculate the remainder when 139 is divided by n.
27
Suppose 0 = -2*y - 8*y + 70. What is the remainder when 19 is divided by y?
5
Calculate the remainder when 17 is divided by (-75)/(-9) - ((-10)/6 + 1).
8
Suppose -l + 1 = l - r, -4*r = -5*l - 2. Suppose -5*s = -p - 0*p - 15, 3*p = -l*s + 23. Calculate the remainder when s is divided by (-1)/(6/(-4) + 1).
0
Let l(c) = c**3 + 7*c**2 - 9*c - 1. Calculate the remainder when l(-8) is divided by 2.
1
Suppose -5 = -5*r + 10. Suppose a - 3*a - 4*o = -30, 5*a - 5*o = 0. What is the remainder when a is divided by r?
2
Let q(s) = 75*s**2 + s - 2. What is the remainder when q(1) is divided by 19?
17
Let d be 3 - ((-25)/5 - 0). Suppose 0*u - u - 9 = -3*y, u + 5*y - 31 = 0. Suppose u*q - d*q = -36. Calculate the remainder when q is divided by 7.
4
Let s = 46 + -29. Let r(w) = w**2 + w - 3. Calculate the remainder when s is divided by r(-4).
8
Suppose -2*i = -2*j + 48, -3*i - 21 = -j - 3. Calculate the remainder when 75 is divided by j.
21
Suppose -45 = -c - 3*v + 17, -5*c - 2*v = -271. Let s = c + -30. Let x = s + -13. What is the remainder when 19 is divided by x?
9
Let v be (-3)/5 + (-66)/(-10). Suppose d + v = 3*d. What is the remainder when d is divided by 2?
1
What is the remainder when 193 is divided by (32/(-40))/(328/165 - 2)?
61
Suppose -8 = -4*k + 8. Suppose 0 = 2*l - 3*u - 28, 0 = -u - k*u - 20. Calculate the remainder when 22 is divided by l.
6
Suppose 5*n - 25 = 0, 4*s + 9 = 4*n + 1. Suppose -2*g + 19 = -x, s*g + 2*x = 12 + 13. Let i = 14 + -9. Calculate the remainder when g is divided by i.
4
Let g(h) = h**3 + 6*h**2 + 3*h - 3. Let x(d) = d - 3. Let c be x(-3). Let r be g(c). Calculate the remainder when 41 is divided by (r/2)/((-6)/8).
13
